3
Suppose 5*y = -5*m + 139 - 19, -4*y - 5*m = -98. Let j = 5 + 28. What is the greatest common factor of y and j?
11
Suppose k - 280 = -4*k. Suppose b = -b - m + 24, -6 = -b - 2*m. Calculate the greatest common factor of k and b.
14
Let n(m) = m**2 + 5*m + 25. Let f be n(-4). What is the highest common divisor of f and 63?
21
Let x(j) = j**3 - 3*j**2 - j + 2. Let f(k) = k**3 - k**2 - k + 1. Let w(g) = -3*f(g) + x(g). Let a be w(-2). Calculate the greatest common divisor of a and 11.
11
Suppose -14 = -2*z - 2*g, -4*g - 8 = 4. Let x be (-1)/((-1)/(0 - -3)). Suppose i - x = z. What is the highest common divisor of 39 and i?
13
Let h = -25 - -29. What is the highest common divisor of 4 and h?
4
Suppose -2*h + 3*h - 35 = 0. Let j = -25 + h. What is the greatest common factor of 30 and j?
10
Let t = 60 + -50. Calculate the highest common factor of t and 70.
10
Let v be 592/14 - 8/28. Suppose 0*d = -d + v. Calculate the greatest common factor of d and 14.
14
Let o(f) = 47*f**2 + f. Let a be o(-1). Let y = -12 + a. Suppose -3*s + 2*x + y = 0, -s + 3*x + x - 2 = 0. What is the highest common divisor of 42 and s?
14
Suppose 0 = 2*d - 7 - 21. Calculate the highest common factor of 70 and d.
14
Suppose 0 = 3*i - 3*n + 90 - 216, 5*n - 49 = -2*i. Let q = 77 - i. Calculate the highest common divisor of q and 10.
10
Suppose -4*b = 4*r - 0*r - 4, -4*r + 1 = 5*b. Let y = r - -35. Let f = -28 + y. Calculate the greatest common divisor of f and 77.
11
Suppose -3*a + 133 + 47 = 0. What is the greatest common divisor of 20 and a?
20
Let n be (8/12)/(2/156). Suppose c = -2*c - 5*v + 166, n = c + 5*v. Let t = c + -25. What is the greatest common divisor of 4 and t?
4
Suppose -u = -5*f - 1, 3*u + 5*f = -0*u + 43. Let j(r) = -7*r + 36. Let k be j(5). Calculate the greatest common factor of u and k.
1
Let p = 4 + 2. What is the greatest common divisor of 102 and p?
6
Let o(t) = t**3 + t + 55. Let g be o(0). Let k be -2 + (-4)/(-2) + 8. Suppose 0 = 4*v - k - 12. Calculate the highest common factor of v and g.
5
Let a be (-154)/44*(-8)/7. Suppose -3*q + 30 = 3*b, 2*b + 1 = 4*q + 21. Calculate the highest common factor of b and a.
2
Let r be 2/(-4) - (-204)/8. What is the highest common factor of r and 25?
25
Let q = 16 + -8. Suppose d + 0*l - 3*l - 41 = 0, d - 23 = -3*l. Calculate the highest common factor of q and d.
8
Let s be 3/9 - 14/6. Let k be 19/(3/(s - -23)). Let n(x) = 5*x**2 - x + 1. Let t be n(2). What is the highest common factor of k and t?
19
Suppose -15*h + 21*h - 84 = 0. What is the greatest common factor of 154 and h?
14
Let r = 110 + -189. Let m be (1 - 0) + -3 + r. Let l = 15 - m. Calculate the greatest common divisor of 12 and l.
12
Suppose -8*m - 40 = -10*m. Let a be -4 + 3 + (142 - 1). Calculate the highest common factor of a and m.
20
Suppose -11 = 3*a - 17. What is the greatest common divisor of a and 14?
2
Let q(t) = 14*t**2 + 6*t + 4*t + 4*t**3 + 12 - 3*t**3 + 3*t. Let h be q(-13). What is the greatest common divisor of 96 and h?
12
Let z be 28/126 - 230/(-18). What is the highest common divisor of z and 13?
13
Let f = 19 + -15. Let b be (-25)/10*8/(-5). What is the greatest common factor of b and f?
4
Let z(u) = u - 5. Let y be -2*(3/6 - 3). Let v(a) = -a + 3. Let c(x) = y*v(x) + 3*z(x). Let b be c(-6). Calculate the greatest common factor of b and 60.
12
Let s = 34 + -25. Calculate the greatest common divisor of s and 99.
9
Let p(x) = 5*x**2 - 16*x + 14. Let w be p(4). Suppose i + 0 = 6. Calculate the highest common factor of i and w.
6
Suppose 0 = -0*a - 14*a + 728. What is the greatest common factor of 156 and a?
52
Let l(h) = -h**3 + 2*h**2 + 5*h - 2. Let k = 8 + -5. Let c be l(k). Suppose -59 = -4*b - 11. What is the highest common factor of c and b?
4
Let v(l) = l**2 - 3*l + 3. Let h be v(5). Calculate the greatest common factor of 104 and h.
13
Suppose -2*g = -x - 10, -3*g - x + 8 = x. Let j = g - -7. Suppose 0 = 5*b - 88 + 33. Calculate the highest common factor of j and b.
11
Suppose -y = 11 - 27. Let a = -346 - -522. What is the greatest common factor of y and a?
16
Let s(q) = 3*q + 3. Let t be s(-5). Let k = t + 72. Calculate the highest common factor of 20 and k.
20
Suppose 4*j + 20 + 0 = 2*u, -6 = 2*j. Suppose 4*x - 16 = -c, -x = 2*x - u*c - 31. What is the highest common factor of x and 5?
5
Let t = 4 - -29. What is the greatest common factor of 3 and t?
3
Let k be 1 + -2 - (-26 + 1). Let b = -15 + 31. Suppose -2*n = 5*g - b, g = 4*n - 16 - 16. What is the highest common divisor of n and k?
8
Let i = -2 - -6. Suppose -2*l = 2*v - 68, 2*v - 46 = -l + i*v. Let n = 164 - l. What is the greatest common divisor of n and 14?
14
Let r be (1 - 5)/(2/(-44)). What is the greatest common factor of r and 11?
11
Let j be (-12)/(-10)*(-30)/(-4). Calculate the highest common factor of j and 6.
3
Suppose 3*m = 5 + 16. Suppose 2*d - 37 = 2*y - m*y, -2*y - 3*d = -17. Let r = -3 - -17. What is the highest common factor of r and y?
7
Suppose 15 = 2*v - 61. Let p = -199 + 81. Let k be (-4)/6 - p/6. What is the highest common divisor of v and k?
19
Suppose -3*b = 2*b - 390. Let s = b + -10. Let r = -44 + s. What is the highest common divisor of r and 3?
3
Let k be (-1)/((2/(-10))/1). Suppose 3*z - 4*z = -k. Suppose 0 = -4*n - t + 124, 2*t = -n + 19 + z. Calculate the highest common divisor of n and 4.
4
Let l = -10 + 7. Let j be 1 - 1 - -21 - l. Suppose -j = -d - 2. Calculate the greatest common factor of 55 and d.
11
Let m = 2 + -48. Let u be -2*(2 + m/4). Suppose 4*d = 493 + 343. What is the greatest common divisor of d and u?
19
Suppose 6*z - 77 = 2*z - 3*t, 2*z = -3*t + 43. Let f = z + -12. Suppose -15 = -0*o - f*o. Calculate the highest common factor of o and 27.
3
Let j(w) = -3*w - 18. Let h be j(-12). Calculate the greatest common divisor of 12 and h.
6
Suppose 5 = 2*k - k. Suppose -k*j = -10, -3*j = -2*b + 2*j + 374. Calculate the greatest common divisor of b and 24.
24
Let r be -1 + 2 - 2/(-2). Let y = 25 + -17. Calculate the highest common divisor of r and y.
2
Suppose 4*w - 15 = 9. Calculate the greatest common factor of w and 30.
6
Suppose 6*u - 12 = 2*u. Suppose 0 = -5*a + h + 46, -a - 1 = -2*h - u. What is the greatest common divisor of a and 5?
5
Let u(x) = x**3 + 6*x**2 + 3*x + 12. Let z be u(-3). Calculate the highest common factor of 45 and z.
15
Let p(s) = -s**2 - 10*s + 5. Let b be p(-9). What is the highest common factor of b and 35?
7
Let w = 17 - -37. What is the greatest common factor of w and 12?
6
Let q(t) = 1 - t + 0*t - 2*t. Suppose 0*n - 2*n - 6 = 0. Let k be q(n). What is the highest common factor of k and 50?
10
Let c be ((-2)/(-1))/((-2)/(-4)). Let q(j) = j + 17. Let n be q(11). Calculate the greatest common divisor of n and c.
4
Let p(d) = 2*d + 11 - 3*d**2 - d + 2*d**2. Let g be p(0). Suppose 0*f + f = g. What is the greatest common divisor of 55 and f?
11
Let n be (-14)/(-2)*1 + -3. What is the greatest common factor of 36 and n?
4
Suppose -30 = 8*g - 13*g. Calculate the greatest common factor of 6 and g.
6
Let i be (-8)/(32/18)*(-2 - 2). Let p(o) = o - 2. Let t be p(5). Let n = 5 - t. What is the greatest common divisor of n and i?
2
Let u(q) = -25*q - 34. Let r be u(-4). Calculate the highest common factor of r and 22.
22
Let p be 1/(2/2) + 143. Suppose -k - 3 = 0, -2*m + 3*m - 25 = 3*k. What is the greatest common divisor of p and m?
16
Suppose 5*i = i - 40. Let o(j) = -3*j - 12. Let v be o(i). Calculate the highest common factor of v and 162.
18
Let l(k) be the second derivative of 1/6*k**3 + 0 + 16*k**2 - 2*k - 1/12*k**4. Let z be l(0). Calculate the greatest common factor of 4 and z.
4
Let m(g) = -g**2 + 1. Let y be m(1). Suppose y = -l - 2*l + 6. Calculate the highest common factor of l and 2.
2
Suppose 2*n - 268 = 106. What is the greatest common divisor of 17 and n?
17
Let x(r) = -r**2 + 51. Let b be x(0). Suppose -2*y - b = -5*y. Let k(n) = -93*n + 1. Let v be k(-2). Calculate the greatest common divisor of y and v.
17
Let a(l) = -l + 3. Let u be a(2). Let g = -4 - -6. What is the greatest common divisor of u and g?
1
Suppose -4*l = -2*r + 8, -3*l + 2 = 5*r + 21. Let h be (l + (24 - 0))/1. What is the highest common divisor of 7 and h?
7
Suppose 0 = 7*p - 3*p - 28. Calculate the greatest common factor of